- r**3 - 19*r**2 - r + 4 + 11*r**2. Give m(-7).
-1
Let n(a) be the third derivative of a**4/6 + 31*a**3/6 - 3*a**2 + 1. Give n(-4).
15
Let g(a) = -117*a**3 + 67*a**2 - 51*a - 51. Let l(f) = -22*f**3 + 13*f**2 - 10*f - 10. Let c(i) = 3*g(i) - 16*l(i). Determine c(4).
-13
Let w(v) be the first derivative of v**5/60 + v**4/3 + 3*v**3/2 - 68*v**2 - 58. Let u(d) be the second derivative of w(d). Let t = -17 + 11. Give u(t).
-3
Suppose -674 = 119*s + 159. Let r(j) = -3*j**2 - 10*j + 1. What is r(s)?
-76
Let w(v) be the third derivative of v**5/60 - v**4/12 - 2*v**3 + 187*v**2. Let t be w(3). Let c(u) = u**3 + 8*u**2 - 8*u + 5. What is c(t)?
-4
Let n(z) = 2*z**2 - 12. Suppose 4*v + 16 = 4*a, -3*a - 120 + 132 = 5*v. Determine n(v).
-12
Let s(u) = -19*u + 22 + 24*u - 24 - 10 - 34. Determine s(8).
-6
Let s(m) = m**2 + 16*m + 45. Let p(y) = y**2 + 15*y + 42. Let q(a) = -3*p(a) + 2*s(a). What is q(-8)?
4
Let x(g) = -g + 5. Let h(b) = -2*b + 64. Let s(z) = z - 32. Let k(n) = 6*h(n) + 11*s(n). Let t be k(24). Determine x(t).
-3
Let g(r) = -13*r**3 - 9*r**2 - 1097*r + 15. Let v(n) = -6*n**3 - 4*n**2 - 470*n + 7. Let j(s) = -3*g(s) + 7*v(s). Calculate j(-4).
176
Let y be 2/(3/((-3)/(-2))) + 1. Let q(a) = 6 + 106*a**y - 2*a**3 + 11*a - 224*a**2 + 3*a**3 + 106*a**2. Calculate q(11).
6
Suppose 0 = 9*z - 12*z - 15, 3*z = -4*i - 39. Let r(p) = p**3 + 8*p**2 + 8*p - 2. What is r(i)?
22
Let w = 22 + -20. Let h be (-123)/82*2/6*-4. Let c be -2 + (-4)/(w + h). Let t(s) = -s + 3. Give t(c).
6
Let t(z) = -9*z - 1. Suppose -62*s = -384 + 136. Let x(h) = -50*h - 5. Let d(c) = s*t(c) - x(c). Give d(2).
29
Let d(v) = v - 9*v + 5 + 4*v**2 + 2*v**2 + v**3. Let g(w) = w**2 + 237*w + 1153. Let i be g(-5). Calculate d(i).
12
Let n(j) = 15*j - 213. Let h be n(14). Let i(b) = b**2 + 2. Let r(l) = -1. Let t = -3 - -2. Let u(g) = h*r(g) + t*i(g). Determine u(4).
-15
Let o(k) be the second derivative of -k**5/20 + 13*k**4/12 - k**3/2 - 14*k**2 - 37*k + 51. Calculate o(12).
80
Let h(q) = 39617 - 2*q - q + q - 39622. Suppose -3*p + 8*p = 5*t + 80, p = 5. Let c = t + 7. What is h(c)?
3
Let p(j) be the first derivative of 7*j**4/4 - 5*j**3/3 + j**2 - 2*j + 37. Let s(w) = -10*w**3 + 7*w**2 - 3*w + 3. Let c(h) = -7*p(h) - 5*s(h). Calculate c(2).
9
Let z be (-2)/4*(-22 - -4). Let g(m) be the second derivative of 1/20*m**5 - 3*m**2 - 7/6*m**3 - 2/3*m**4 + 3 - 5*m. Calculate g(z).
12
Let j(n) = 48*n - 2. Let s be j(1). Let q be (s/115)/(2/(-30)). Let r(h) = h**3 + 6*h**2 - 5*h + 6. Give r(q).
36
Let c(a) = -5*a**3 - 3*a - 6. Let j(t) = 6*t**3 + 4*t + 7. Let r be 56/12 + 4/(-6). Let n be 2/r + (-126)/28. Let k(y) = n*j(y) - 5*c(y). What is k(2)?
8
Let n(u) = -8*u**3 - 28*u**2 + 12*u - 15. Let s be n(-4). Let o(g) = -g + 8. Give o(s).
7
Let m(g) = 2*g**2 + 41*g + 25. Let y be m(-20). Suppose 15 = -y*u, j - 2*u + 12 = -2*j. Let w(r) = -r**2 + 2*r - 3 + 4*r + 2*r**2. Give w(j).
-3
Let s = 22 + -5. Suppose s*n - 13*n + 280 = 0. Let i = n + 67. Let c(h) = -3*h - 2. Determine c(i).
7
Let a(i) = 7 + 18 - 28 - 20*i**2 + i**3 - 384*i. Give a(32).
-3
Suppose -189*c + 3 = -181*c - 21. Let z(o) = 2*o**2 - 10*o + 16. What is z(c)?
4
Suppose 0 = l + l - 48. Let g be ((-3)/6)/((-2)/l). Let q be 2/g*6*4. Let u(s) = s**3 - 9*s**2 + 10*s - 7. Determine u(q).
9
Let x(i) = -2*i + 1. Let o be 0 + 73/3 + (-4)/(-6). Let n(l) = 8*l - 3. Let w be n(3). Let p = o - w. Determine x(p).
-7
Let c(p) be the first derivative of p**4/4 + 4*p**3/3 + 2*p**2 + 5*p + 1676. What is c(-3)?
2
Let f be 0/(((-2)/8)/(14/168)). Let d = 8 - 7. Let c(w) = -d + w + 6 + 0*w. Calculate c(f).
5
Let h(d) be the first derivative of 22 + 1/6*d**4 - 8*d**3 + 0*d + 0*d**2 + 1/120*d**5. Let a(o) be the third derivative of h(o). Give a(4).
8
Suppose -5*n + 25 = 45. Suppose x + 0*x = 2*p - 15, -4*x = 4*p - 36. Let j(a) = p*a - 7*a + 3 + 5*a. Determine j(n).
-21
Let v(j) = j**3 + 4*j**2 - 7*j + 5. Let h = 198 - 204. Let c be ((-8)/(-8))/(h/36). Give v(c).
-25
Let p(z) = 3*z + 42. Let d(l) = -19*l - 268. Let q(k) = -2*d(k) - 13*p(k). Determine q(-12).
2
Let k(n) = -4*n**3 - 121*n**2 - 14*n + 487. Let m be k(-30). Let a(l) = 17*l - 120. Calculate a(m).
-1
Let w(r) = -r**2 - 1147*r + 17417. Let g be w(15). Let k(i) = i + 1. Let n(b) = -12*b - 12. Let d(y) = -15*k(y) - n(y). What is d(g)?
36
Let x(q) = 3*q - 1. Suppose 2*r - 36 = -12. Suppose -12*t + 15*t = r. Suppose t*m - 4*i - 13 = -m, -5*m = i - 3. Calculate x(m).
2
Let b be 8/4 + -2 + -3 + 1. Let h(m) = 4 + 0 + 0 - 13*m + 0 + 12*m. Calculate h(b).
6
Let g(i) = 6*i. Suppose 0 = 4*y - 6*y - 24. Let o = 380 + -394. Let z = y - o. Determine g(z).
12
Let g = 49 - 47. Suppose 0 = 7*o - g*o - 5. Let q(x) = -3*x**3 + x**2 + x - 1. What is q(o)?
-2
Let m(i) = -154*i**2 + 40*i - 2. Let n(x) = 77*x**2 - 18*x + 1. Let o(b) = -4*m(b) - 9*n(b). Determine o(1).
-76
Let p(t) = t**2 - t + 6. Suppose l - 19 = -a - 2*l, -5*l = 5*a - 115. Suppose -52*k = -47*k - a. Determine p(k).
26
Let y(s) = -s**3 - 6*s**2 + 2*s + 7. Suppose 10*r - 17*r + 77 = 0. Suppose 0 = -r*j - 0*j + 22. Suppose -5*l + j*t - 24 + 0 = 0, -4*l - 39 = 5*t. What is y(l)?
-5
Suppose 0 = a + t - 1, -13*a - 3*t = -17*a + 18. Let w(d) = 5*d + 3 + 0*d**2 + 36*d**a + 0*d**2 - 37*d**3 + 7*d**2. Give w(7).
38
Let z(b) be the third derivative of -b**4/24 + b**3/6 + 116*b**2. Let w(v) = v**3 + v**2 - 37. Let s(a) = w(a) - z(a). Give s(0).
-38
Let w(n) be the first derivative of -n**4/4 + 8*n**3/3 + n**2 - 6*n - 1294. Determine w(9).
-69
Let k(t) = 3*t**3 + 3*t**2 - 3*t - 15. Let b(x) = 945*x - 947. Let a be b(1). Give k(a).
-21
Let p(k) = -2*k**3 + 29*k**2 - 12*k - 34. Let y be (2/(-1))/(2442/154 + (-96)/6). Give p(y).
-6
Let t(w) = w**3 + 10*w**2 + 2*w - 1. Suppose -4*z - 11*q - 34 = -14*q, 0 = -2*z + 4*q - 12. Calculate t(z).
-21
Let a(v) = 4*v + 22. Let n be a(-5). Let i(u) = -6 + 0 + 2 - 3 + 3*u + u**n. Let g(m) = -3*m**2 + 14*m. Let t be g(5). Determine i(t).
3
Let l(i) = 2*i - 2. Suppose -n + 16 = 4*n + 4*v, n - 8 = 4*v. Let s be ((-48)/15)/(n/(-30)). Let p be ((-9)/6 - -3)*s/(-18). Determine l(p).
-6
Suppose 0 = -9*b + 5 + 22. Suppose -b*i + 70 = 61. Let s(f) = f + 4. Give s(i).
7
Let h(k) = -139*k**2 + 251*k + 122. Let q(t) = 12*t**2 - 23*t - 11. Let p(s) = 2*h(s) + 23*q(s). What is p(-12)?
27
Let n(v) = v**3 + 9*v**2 + 3*v - 7. Let a = -343 + 354. Suppose -3*h + a*s = 6*s + 29, -4 = -4*s. Give n(h).
33
Let f(k) = -k**3 + 2*k**2 + 3*k. Let s be 1904/986 - (-2)/29. Let j be ((-5)/(-1))/(6/(-18) + s). Give f(j).
0
Let j(o) = -o**3 - 5*o**2 + 4*o + 8. Let c = 44 - -356. Let b = -405 + c. Determine j(b).
-12
Suppose i - 24 = -22. Suppose 0 = 5*s - i*q - 21, 2*s - 3*q + 9 = -8*q. Let g(a) = a**3 - 3*a**2 + 3. Determine g(s).
3
Let r(b) = -b**3 - 7*b**2 - 14*b - 49. Let l be r(-6). Let v(y) = -3*y**2 - 7*y + 1. Let u(q) = -q**2 - 1. Let d(t) = l*v(t) + 4*u(t). Give d(4).
7
Let u(w) be the third derivative of 3*w**4/8 - 3*w**3/2 - 3898*w**2. Determine u(-2).
-27
Let l(p) be the second derivative of -4*p**2 + 1/12*p**5 + 0 - 1/12*p**4 + 2*p + 0*p**3. Let x(y) be the first derivative of l(y). Determine x(2).
16
Let p(d) = -13*d**2 + 41*d + 11. Let g(a) = -31*a**2 + 102*a + 26. Let r(f) = 5*g(f) - 12*p(f). Determine r(-21).
61
Let b(k) be the first derivative of -k**2/2 - 22*k - 4951. Give b(-7).
-15
Suppose 18*k = 1800 - 1656. Let b(s) = -3*s**2 + 7*s - 19. Determine b(k).
-155
Let z(a) = -a**3 + 17*a**2 + 114*a - 11. Let v(b) = 2*b**2 + 23*b. Let t(m) = 5*v(m) - z(m). Calculate t(5).
-34
Let r be 36 - (-4 + 7 + -6). Let b be (-52)/r - 1/(-3). Let i(h) = 4*h**2 + 2*h**3 + 3*h**3 - 6*h**2 + 1. What is i(b)?
-6
Suppose -17*r = -10*r + 20*r - 54. Let y(k) = -2*k**3 - 2*k**2 + 8*k - 2. Determine y(r).
-10
Let t(b) = -7*b - 8. Suppose -56 = 34*v - 42*v. What is t(v)?
-57
Let l(m) = -m**3 - 3*m**2 - 2*m + 1. Let x(f) = 11*f**3 + 33*f**2 + 20*f - 11. Let h(w) = -21*l(w) - 2*x(w). What is h(0)?
1
Suppose -3*h + 2*z = -78, 2*h + 3*z - 52 = z. Suppose 32 = -34*y + h*y. Let p(a) = 3*a + 1. Determine p(y).
-11
Suppose 0 = y - 4*c + 8, 3*y + 0*c = -2*c - 24. Let j(n) = n**2 - 6*n + 2*n + 3*n - 10 + 8*n + 0*n**2. Determine j(y).
-2
Suppose -27 = 3*h - 15. Let y be 0*(-4 - 17/h)*-2. Let j(v) = v**3 + v**2 - v + 1. Calculate j(y).
1
Suppose -950*j + 955*j = 115. Suppose -